85476 and 294?
294
What is the greatest common divisor of 24 and 872?
8
What is the greatest common factor of 266493 and 633?
633
What is the highest common divisor of 134078 and 112?
14
Calculate the highest common divisor of 11 and 305800.
11
Calculate the highest common factor of 85 and 2158235.
85
Calculate the greatest common factor of 150 and 82975.
25
What is the highest common factor of 254 and 73406?
254
What is the greatest common factor of 171 and 728289?
171
Calculate the highest common divisor of 420 and 105980.
140
Calculate the greatest common divisor of 55 and 780.
5
Calculate the greatest common factor of 84 and 59108.
28
Calculate the highest common divisor of 328 and 136366.
82
What is the highest common divisor of 25234 and 77?
11
Calculate the highest common divisor of 21 and 32169.
3
What is the greatest common factor of 1716 and 4914?
78
What is the highest common divisor of 7 and 430633?
7
Calculate the highest common divisor of 3885233 and 77.
11
Calculate the highest common factor of 205 and 549195.
205
Calculate the greatest common divisor of 585 and 9711.
117
What is the highest common divisor of 102 and 2099211?
51
What is the highest common factor of 52730 and 1730?
10
What is the highest common factor of 4186 and 2730?
182
What is the greatest common divisor of 57949 and 167?
167
What is the greatest common divisor of 131624 and 88?
8
What is the greatest common divisor of 259 and 75998?
37
Calculate the greatest common factor of 12730 and 91390.
190
Calculate the greatest common factor of 4562 and 142.
2
What is the highest common divisor of 2639 and 117?
13
Calculate the greatest common divisor of 27030 and 10914.
102
What is the greatest common divisor of 42 and 2082?
6
Calculate the greatest common divisor of 50996 and 627.
209
What is the highest common divisor of 5410 and 75?
5
What is the greatest common divisor of 200 and 18350?
50
Calculate the highest common divisor of 137 and 272219.
137
Calculate the greatest common divisor of 15640 and 1558480.
920
Calculate the highest common divisor of 526 and 166.
2
Calculate the greatest common factor of 740306 and 7.
7
What is the greatest common divisor of 12945 and 3337221?
2589
What is the greatest common divisor of 15525 and 69?
69
What is the highest common divisor of 9552 and 1104?
48
Calculate the highest common divisor of 37025 and 5.
5
Calculate the highest common factor of 4966 and 7488.
26
Calculate the highest common factor of 11544 and 62712.
312
What is the highest common divisor of 71187 and 2379?
183
What is the highest common divisor of 241223 and 926?
463
What is the greatest common factor of 28 and 53900?
28
Calculate the highest common divisor of 1567967 and 146.
73
Calculate the greatest common divisor of 28935 and 78446.
643
What is the highest common divisor of 153 and 11583?
9
Calculate the highest common factor of 714 and 35.
7
What is the highest common divisor of 8900 and 1868110?
890
What is the greatest common divisor of 31878 and 1782?
198
Calculate the highest common factor of 194 and 437858.
194
What is the greatest common factor of 30267 and 1416?
177
Calculate the greatest common divisor of 64306 and 374.
22
Calculate the greatest common divisor of 87465 and 11305.
595
Calculate the greatest common divisor of 11573 and 1136.
71
What is the highest common divisor of 3010 and 1635935?
1505
Calculate the highest common divisor of 85 and 46104.
17
What is the greatest common divisor of 4992 and 58968?
312
What is the greatest common factor of 288 and 840?
24
Calculate the highest common divisor of 805 and 81627.
161
What is the highest common factor of 3937973 and 26?
13
What is the greatest common divisor of 4301 and 61897?
187
Calculate the greatest common factor of 266 and 1577.
19
Calculate the greatest common divisor of 14101 and 7648.
239
Calculate the highest common factor of 8 and 2173540.
4
Calculate the greatest common divisor of 65 and 16081.
13
What is the highest common divisor of 895 and 165?
5
What is the highest common factor of 11523 and 23?
23
What is the highest common divisor of 551 and 41093?
29
Calculate the greatest common factor of 148559 and 53.
53
Calculate the highest common divisor of 108 and 12069.
27
What is the highest common divisor of 730 and 370?
10
What is the highest common factor of 164 and 1113724?
164
Calculate the highest common factor of 878 and 439.
439
What is the greatest common factor of 80 and 221980?
20
Calculate the highest common divisor of 483 and 119.
7
Calculate the highest common factor of 2690 and 61601.
269
Calculate the highest common factor of 202720 and 40.
40
What is the greatest common divisor of 184 and 592664?
184
Calculate the highest common factor of 630 and 77205.
15
Calculate the greatest common divisor of 41162 and 66.
22
Calculate the greatest common divisor of 26710 and 80.
10
What is the highest common divisor of 233473 and 368?
23
What is the greatest common factor of 8 and 185516?
4
Calculate the greatest common divisor of 675 and 395775.
225
What is the highest common factor of 12 and 226470?
6
Calculate the greatest common divisor of 184 and 75578.
46
What is the highest common factor of 1880 and 1147270?
470
What is the greatest common factor of 993080 and 1320?
440
What is the greatest common divisor of 1397420 and 20?
20
Calculate the highest common divisor of 2856 and 8988.
84
Calculate the highest common factor of 14940 and 2502.
18
What is the highest common divisor of 1020 and 21284?
68
Calculate the highest common divisor of 6620 and 30.
10
What is the greatest common factor of 19496 and 304?
8
Calculate the greatest common divisor of 51635 and 11270.
115
What is the greatest common divisor of 2567 and 51038?
151
What is the greatest common divisor of 4 and 1083052?
4
What is the greatest common divisor of 2120 and 117130?
530
What is the greatest common divisor of 341255 and 521?
521
Calculate the greatest common factor of 17 and 13217.
1
Calculate the highest common factor of 240448 and 104.
104
What is the highest common factor of 2882 and 7598?
262
Calculate the highest common divisor of 4089 and 1175.
47
What is the greatest common divisor of 27 and 40446?
27
Calculate the greatest common divisor of 709653 and 84.
21
What is the highest common divisor of 59382 and 72?
18
What is the greatest common divisor of 14053 and 26?
13
What is the greatest common factor of 117105 and 22755?
555
Calculate the greatest common divisor of 48 and 82560.
48
What is the highest common divisor of 37296 and 880?
16
Calculate the greatest common factor of 507 and 21.
3
Calculate the highest common divisor of 282344 and 696.
232
Calculate the greatest common divisor of 16390 and 1628.
22
What is the greatest common divisor of 528 and 6064?
16
Calculate the greatest common factor of 592384 and 89.
89
What is the highest common factor of 25 and 269975?
25
What is the greatest common factor of 171668 and 28?
28
Calculate the greatest common factor of 474457 and 1754.
877
What is the highest common factor of 160653 and 12?
3
What is the highest common factor of 516 and 441?
3
Calculate the greatest common factor of 873288 and 26.
26
Calculate the highest common divisor of 83764 and 172.
172
What is the highest common divisor of 351 and 57954?
39
Calculate the highest common divisor of 1066410 and 20.
10
Calculate the greatest common divisor of 742 and 1492533.
371
Calculate the highest common factor of 306152 and 24024.
616
Calculate the highest common divisor of 2808 and 112476.
156
Calculate the highest common factor of 103 and 836.
1
Calculate the highest common divisor of 411 and 19865.
137
What is the highest common divisor of 110 and 24065?
5
What is the highest common divisor of 6316 and 14?
2
Calculate the greatest common factor of 162 and 57753.
81
What is the highest common factor of 671 and 53985?
61
Calculate the greatest common divisor of 5712 and 924.
84
Calculate the highest common factor of 224046 and 27.
27
Calculate the highest common factor of 34521 and 1739.
37
Calculate the greatest common factor of 8375 and 32495.
335
Calculate the highest common factor of 35 and 710.
5
What is the greatest common divisor of 40 and 9500?
20
What is the greatest 